 -5*o + 2108 = -6*n + 8*n, 3*o = -5*n + 1261. List the prime factors of o.
2, 211
Let b(k) = -k + 1. Let d = -11 + -3. Let p(y) = -3*y + 2. Let q(a) = d*b(a) + 6*p(a). What are the prime factors of q(-6)?
2, 11
Let d(g) = -13*g + 1556. What are the prime factors of d(0)?
2, 389
Let w = 112 - 42. Let k = 44 + w. Suppose 9*i = 12*i - k. List the prime factors of i.
2, 19
List the prime factors of (18 + -131)*(-3 + -12).
3, 5, 113
Let z be 48/(-2) + -1 + 4. Let o be 2/(-2) - z/1. Suppose -3*f + 4 = m, -5*m - 3*f + 0*f = -o. List the prime factors of m.
2
Suppose -4*n + 0*n - 5*m = 5, 45 = 5*n - 4*m. Suppose -4*i - 5*x - 49 = -335, 0 = i - n*x - 84. List the prime factors of i.
2, 37
Suppose -34*u = -45*u + 7546. What are the prime factors of u?
2, 7
Let a = -5 - 13. Suppose 4*m + m - 135 = 0. Let r = m + a. List the prime factors of r.
3
Let i(z) = -z**3 - 10*z**2 - 6*z + 14. Let b be i(-11). Suppose 0 = -u + 2*k - 7*k + b, 2*u = k + 424. List the prime factors of u.
211
Suppose 0 = -c - 4*c + 3*p - 14, 2*c = -3*p + 7. List the prime factors of c + (-3 - (-14 - 2)).
2, 3
Suppose c - 133 = -2*j, 0 = -5*j - 3*c + 215 + 116. Suppose 2*q + s + 3 = 0, 3*s - 7 = 4*q - 2*q. What are the prime factors of (2*(-3 - j))/q?
71
Let t be (-5 - (-12663)/28) + 2/(-8). Suppose -4*c + 253 = -t. List the prime factors of c.
5, 7
Let s(z) = -z + 1. Let p(u) = -17*u - 35. Let q(v) = p(v) + 5*s(v). List the prime factors of q(-6).
2, 3, 17
Let i(a) = a**2 - 12*a + 9 + 0 - 2*a**2. Let u(l) = l**3 + 9*l**2 - 19*l + 22. Let k be u(-11). What are the prime factors of i(k)?
2, 5
Suppose 4*v = -4*f + 6980, -20*v + 18*v = 5*f - 8716. What are the prime factors of f?
2, 13, 67
Let k = 169 + -164. Let g be 4 + (-1 - (-2)/1). Suppose k*d - t = 20, t - 1 = d - g. What are the prime factors of d?
2
Let z(a) = 3229*a**3 + 7*a**2 - a - 4. List the prime factors of z(1).
3, 359
Let y = 1 + 9. Let t(g) = 3*g - 5 + 0 + y. List the prime factors of t(6).
23
Let d(t) = 22 + 12 - 33 + 3*t + 5*t. List the prime factors of d(6).
7
Suppose 2*s = 5*f - 994 - 3276, 2*s - 3398 = -4*f. What are the prime factors of f?
2, 3, 71
Let o be ((16/(-6))/(-8))/(1/15). Let p(t) = -4*t**2 + 15*t - 13. Let n(r) = 2*r**2 - 7*r + 7. Let m(d) = 5*n(d) + 2*p(d). List the prime factors of m(o).
2, 17
Let b(r) be the first derivative of r**5/20 - 5*r**4/12 + r**3/6 + r**2 - r - 4. Let k(a) be the first derivative of b(a). List the prime factors of k(5).
7
Let u be (4/(-7))/((-6)/21). Let d be 7 - (u + (2 - 0)). Suppose -35 = d*w - 158. What are the prime factors of w?
41
Let s(l) be the third derivative of l**5/12 + 5*l**4/12 + 2*l**3/3 + 19*l**2. What are the prime factors of s(-7)?
179
Suppose 3*q = -12, -5*i - 8 = -q - 2. Let z be (18/(-45))/(i/10). Suppose -5*o + 2*s = -z*s - 148, -o + 23 = -3*s. List the prime factors of o.
2
Let z = 255 + 969. List the prime factors of z.
2, 3, 17
Suppose -3*h + 8786 = 4*w - 7597, -3*w - 4*h = -12289. What are the prime factors of w?
3, 5, 7, 13
Let g(w) = -w**3 - 63*w**2 - 42*w + 92. What are the prime factors of g(-63)?
2, 37
What are the prime factors of 54522/42 - (-1)/(-7)?
2, 11, 59
Let x = -23 + 29. Let l(a) = -a**3 + 5 + 5*a**2 + 4*a**2 - 2*a**2 - a. List the prime factors of l(x).
5, 7
Let r be 8626/7 + (-3)/((-84)/(-8)). Suppose 307 - r = -5*z + 3*o, 2*o = 3*z - 555. What are the prime factors of z?
5, 37
Let i(p) = p**3 - 9*p**2. Let v be i(9). Suppose -b = -3*d + 77, -2*b + v = 4. List the prime factors of d.
5
What are the prime factors of (9*304/(-20))/((-4)/20)?
2, 3, 19
Let u = 269 - 191. Let c = u + 12. List the prime factors of c.
2, 3, 5
Let x be 12/20 + (-9)/15. Let c(d) = d**2 + d + 23. What are the prime factors of c(x)?
23
Let y = -92 + 272. Suppose 2*j - 5*j - y = 0. List the prime factors of (-3)/(3/j*2).
2, 3, 5
Suppose -2*g - 3*g = 4*m - 2231, m + 2*g - 560 = 0. List the prime factors of m.
2, 277
Let j be 3 + -6 + 156/3. Suppose j + 25 = 2*s. What are the prime factors of s?
37
Let j(k) = k**3 + k + 2. Let m be j(0). Let o(h) = -3*h - h - 1 + 3 + h**m. List the prime factors of o(6).
2, 7
Let h be 182/8 - (-33)/(-44). Let r = 33 + h. What are the prime factors of r?
5, 11
Let t(g) = -33*g - 4. Let j be t(-4). Suppose 3*y = -4*x - 0*x + 143, 3*y + x - j = 0. List the prime factors of y.
41
Let u = 1057 + -710. What are the prime factors of u?
347
Suppose 0 = -o + 1, a - 8 = -o - 3*o. Suppose 3*s = i + 4, 0 = 4*s + a*i - 27 + 11. List the prime factors of s.
2
Let x(l) = 249*l**2 - 21*l + 26. List the prime factors of x(4).
2, 13, 151
Let z be 17*12/(-10)*(-30)/3. Suppose 2*v + 4*p - z = 0, -3*v + 167 = -p - 125. List the prime factors of v.
2, 7
Let o(v) = v**2 - 13*v + 16. Let h be o(13). Suppose -5*m - 10 = 0, 5*t + m - h = 22. Suppose 4*z = t*z - 8. List the prime factors of z.
2
Suppose 9*f - 210 = 15. Let a(k) = k**3 - 6*k**2 + 3*k - 1. Let y be a(2). Let j = f + y. List the prime factors of j.
2, 7
Suppose -15 = -3*l - 0, l = -2*x + 23. Suppose 2*u = -u + x. What are the prime factors of u?
3
Suppose -4*v - 3*z = 459, -4*z = -5*v - z - 567. Let n be (v/(-95))/(6/40). Suppose 2*k + 2*t - n = 0, t + t = k - 7. What are the prime factors of k?
5
Let u(a) = a - 3. Let c be u(3). Suppose -64 = -c*m - 2*m. List the prime factors of m.
2
Suppose 3*q + q - 1206 = -2*f, -q = f - 605. What are the prime factors of f?
607
Suppose -8 - 28 = -4*y + 4*o, 2*y + o = 15. Let k = 13 - y. Suppose 155 = k*t + 65. List the prime factors of t.
2, 3
Let l be (-3 + (-199)/(-2))/(2/4). Suppose 150 = 2*m - 0*m + 4*w, -3*m + l = -2*w. What are the prime factors of m?
67
Let x(w) = -35*w - 1. Let i be x(1). Let a be 1749/22*(-2)/3. Let o = i - a. List the prime factors of o.
17
Let d be (1/2)/(7/(-2184)). Let x = d + 279. List the prime factors of x.
3, 41
Let u(d) = -3*d**3 + 8*d + 5 + 2*d**3 + 2*d**3 + 0*d**3 + 8*d**2. List the prime factors of u(-5).
2, 5
Suppose -12 = 6*s - 8*s. Suppose -165 = y - s*y - 5*d, 141 = 4*y + d. List the prime factors of y.
2, 3
Let n(i) = 4*i**2 + 2*i - 2. Let l be n(2). Let u = l + -15. What are the prime factors of -2 + u + -2 + 69?
2, 17
Let k(y) = 3*y**3 - 10*y**2 - 2*y. Let p be k(5). Let t = p + -64. List the prime factors of t.
3, 17
Let l = -94 + 119. What are the prime factors of l?
5
Let z(f) = -f**3 + 8*f**2 - 7*f + 2. Let b be z(7). Let n be 2 + b + -7 + 3. Suppose -6*w + 2*w + 60 = n. List the prime factors of w.
3, 5
Let a(s) = -13*s - 29. Let p be 4/8*-1*18. What are the prime factors of a(p)?
2, 11
Let w = 65 + -62. Suppose -4*h = 2*x - 592, 0*h + w*h - 447 = -3*x. List the prime factors of h.
3, 7
Let v(h) = 24*h + 105. What are the prime factors of v(20)?
3, 5, 13
Let u(g) = g**3 + 11*g**2 - 3. Let x be u(-11). Let v(q) be the first derivative of q**2/2 + 5*q + 3. What are the prime factors of v(x)?
2
Suppose -5 + 282 = t - 3*u, -t = -5*u - 283. What are the prime factors of t?
2, 67
Suppose -2*y + 0*y = 12. Let k = y - -8. Suppose z - k*z = -7. List the prime factors of z.
7
Let q = 4 + -7. List the prime factors of 2/(-8) - ((-2076)/(-16))/q.
43
Suppose -39*q - 6*q = -6480. What are the prime factors of q?
2, 3
Let z = 8008 - 5414. What are the prime factors of z?
2, 1297
Suppose -5*s - 24 = 21. Let k be (-9)/s - 2/1. List the prime factors of 1/((k/33)/(-1)).
3, 11
Suppose 0 = 2*o + 13 - 103. Let n = 85 - o. List the prime factors of n.
2, 5
Suppose 33 = -10*i + 143. Let g(z) = 3*z**2 - 20*z + 9. List the prime factors of g(i).
2, 19
Let u(w) = 1477*w + 184. List the prime factors of u(4).
2, 1523
Let s(w) = -7*w**2 - 12*w - 28. Let r be s(-7). Let h = -7 - 7. List the prime factors of 2/4 + r/h.
3, 7
Let c(z) = -z**3 + 8*z**2 - 10*z + 7. Let u be c(4). Let r = 51 - 77. Let o = r + u. List the prime factors of o.
5
Let b = -1977 - -4680. List the prime factors of b.
3, 17, 53
Let z(j) = 7*j**2 - 6*j - 44. List the prime factors of z(11).
11, 67
Let w = -32 + 549. List the prime factors of w.
11, 47
Let c = 29 + -33. List the prime factors of ((-27)/45)/((c/(-370))/(-2)).
3, 37
Suppose 7*d = 3*d - 16. Let f be (d - 52/(-8))*94. Suppose -3*b + f = 2*b. What are the prime factors of b?
47
Let r(n) = 2*n**2 - 13*n + 13. Let y(l) = 10*l**2 - 66*l + 64. Let h(a) = 16*r(a) - 3*y(a). What are the prime factors of h(6